c = 64 + -41. Let z be (12/48)/(1/(-4))*-49. What is the remainder when 14/z*(-2 + c) is divided by 2?
0
Suppose 0 = o + f - 42 - 25, -4*o + 2*f = -262. Calculate the remainder when 194 is divided by o.
62
Let z = 16 + 14. Let n(i) = -i**3 + 5*i**2 + 6*i. Let q be n(6). Suppose q*m = 10*m - 870. Calculate the remainder when m is divided by z.
27
Let x(d) = 8 + 0*d + 8*d - 3*d + 2 - 6*d. What is the remainder when 58 is divided by x(-20)?
28
Let j be 1 - (38/(-4))/((-19)/(-38)). Suppose 0 = 5*t + j, -2*m + t = -3*t - 58. What is the remainder when 460 is divided by m?
19
Suppose 12805 = -770*v + 835*v. Let z = -3 + 21. Calculate the remainder when v is divided by z.
17
Suppose -16*i + 15*i + 348 = -2*p, 4*i - 1395 = 5*p. What is the remainder when i is divided by 45?
35
What is the remainder when 4021 is divided by 24/(-14)*(-91378)/856?
178
Let v = -435 + 441. Let t = -42 + 72. What is the remainder when t is divided by v?
0
Let z(s) = -s + 12. Let u = 81 - 77. Suppose -u*n + 6 = -5*n. What is the remainder when 50 is divided by z(n)?
14
Suppose 5*u = -3*t - 187, -3*t = u - 0*u + 167. Let q = 78 + t. Calculate the remainder when 61 is divided by q.
13
Let c(m) = -59*m + 77. Let u(d) = 61*d - 77. Let a(l) = -6*c(l) - 5*u(l). What is the remainder when 124 is divided by a(2)?
19
Suppose -8*z - 35*z + 16424 = -17202. What is the remainder when z is divided by 44?
34
Suppose 36*y + 685890 = 686466. Let h = 270 + -192. What is the remainder when h is divided by y?
14
Let d(l) = 2*l**2 - 124*l - 379. What is the remainder when d(-19) is divided by 66?
59
Let s(l) = 60*l + 205. Let g(q) = -62*q - 205. Let b(t) = -2*g(t) - 3*s(t). What is the remainder when b(-16) is divided by 63?
61
Let o = -402 + 519. Suppose -o = -10*j - 7. Let q(s) = -30*s**3 - 2*s**2 + 1. What is the remainder when q(-1) is divided by j?
7
Let r be (8 - 4)/(3 + -2). Suppose -o - 60 = -2*w + 2*o, -2*w - r*o + 88 = 0. Calculate the remainder when w is divided by 32.
4
Suppose -3540353 = -187*b - 124050. What is the remainder when b is divided by 203?
202
Let h(n) = 4*n**2 - 5*n - 7. Let w be h(7). Suppose -u = -3*u + w. Suppose 0 = -189*q - 120*q + 5054 + 7306. Calculate the remainder when u is divided by q.
37
Let v(k) be the first derivative of 5 - 7*k - 35/2*k**2 + 2/3*k**3. Calculate the remainder when 53 is divided by v(18).
9
Suppose -26 = -7*x + 9. Suppose -5 = x*p - 5*o - 30, -o = 1. Let m = -10 - -21. Calculate the remainder when m is divided by p.
3
Let g = -169 - -191. Let n = 2 - -1. Suppose -20 = -5*b, -3*l + n*b + 39 - 9 = 0. What is the remainder when g is divided by l?
8
Calculate the remainder when (-7 - 417/(-5))*-25*(-6)/12 is divided by 61.
40
Let t = 25 - 5. Suppose -7 - 9 = 4*l - 3*v, -5*v + t = 0. What is the remainder when 11 is divided by ((l + 2)/(2/14))/1?
4
Suppose 5*g = 2 + 198. What is the remainder when 2912/(-128)*48/(-14) is divided by g?
38
What is the remainder when (23949/108)/(2/8) + 2*-4 is divided by 99?
87
Let s(t) = -1207*t - 8441. Calculate the remainder when 1243 is divided by s(-7).
3
Suppose -3*w + 8*w = -125. Let z = w - -45. Let g = -295794 - -295848. Calculate the remainder when g is divided by z.
14
Suppose -13 - 3 = -4*g. Let v(a) = -5*a + 14 + 10*a - 3 + g*a. Calculate the remainder when v(10) is divided by 13.
10
Let g = -42 - -128. Let q = 61 + g. Calculate the remainder when q is divided by ((-4)/(-3))/(4/(-12)) - -54.
47
Suppose 29 = q + 30. What is the remainder when 10*q/4*-20 is divided by 17?
16
Let r = 10 - 8. Suppose -r*t + 147 = 5*t. Let b = t - 9. What is the remainder when 23 is divided by b?
11
Let x = -26536 + 26543. Calculate the remainder when 1392 is divided by x.
6
Suppose -64*v = -61*v - 93. What is the remainder when (91 + 1)*((-117)/18)/(-13) is divided by v?
15
Suppose -u + 42 = a - 12, 4*a + 3*u = 216. Suppose -5*w - 252 = -817. Let l = w - a. What is the remainder when l is divided by 18?
5
Let x(h) = h**3 - 28*h**2 + 203*h + 117. What is the remainder when x(17) is divided by 154?
81
Let l = 191 + -166. Let m = 146 - -1452. Calculate the remainder when m is divided by l.
23
Let h(w) = 11*w - 30. Let c be h(16). Suppose 0 = -147*v + c*v + 42. Calculate the remainder when v is divided by 23.
19
Let q be (-8104)/(-20) + (-4)/20. Suppose -4*n + q = -455. Calculate the remainder when n is divided by 56.
47
Let v = -20 - -30. Calculate the remainder when (2*4)/((-10)/(-8)*84/210) is divided by v.
6
Let t be (0/(-1))/(-4 - -5). Suppose t = c - 4*c + 117. Suppose 23 = 13*w - 250. Calculate the remainder when c is divided by w.
18
Let t(b) = 65*b + 1283. What is the remainder when t(-11) is divided by 166?
70
Let r(y) = -155*y - 1. Let d be r(1). Suppose -25*l - 2040 = -l. Let c = l - d. Calculate the remainder when c is divided by 24.
23
Suppose 3*q - 4*v - 2079 = 0, -9*q + 1393 = -7*q - 5*v. Calculate the remainder when q is divided by 340.
9
Let l(s) = s**2 + 77*s + 793. What is the remainder when 631 is divided by l(-11)?
28
Let y = 2533 + -2045. What is the remainder when y is divided by 19?
13
Let x be (1/(-3))/(343/(-114) - -3). Let u be (-1 + 3/2)*x/1. Suppose -18*f = -u*f + 78. Calculate the remainder when f is divided by 27.
24
Calculate the remainder when ((-124)/(-217)*-3)/((-2)/1519) is divided by 8.
6
Let f(s) = 140*s + 720. Let d = 17 + -2. Calculate the remainder when f(-5) is divided by d.
5
Suppose 0 = 2*n - 2*z - 102, 34*n - 29*n + z - 237 = 0. What is the remainder when 1581 is divided by n?
45
Calculate the remainder when 7751 is divided by ((-6)/(-9) + 167/(-3))/(-447 + 446).
51
Suppose 27 = 5*k + 7. Suppose -5*m + 3*b + 259 = 0, m - k*b - 38 = 7. Let i = m + -42. What is the remainder when 54 is divided by i?
10
Let k be 2*(-6 + 11 + 0). Suppose 2*h - 3*h = 4*f - 297, 2*h = k. Calculate the remainder when f is divided by 27.
19
Suppose 3*v = 2*j - 5476, -4*j - v + 7238 = -3742. What is the remainder when j is divided by 5?
4
Suppose -11742 = -16*a - 47*a + 6*a. What is the remainder when a is divided by 122?
84
Let a(g) = -g + 616. Suppose 256 = 8*t + 2*r, 14*t + 11 = 15*t - 5*r. Calculate the remainder when a(0) is divided by t.
27
Suppose v - 648 = -2*p, 29*v - 32*v + 1962 = -3*p. What is the remainder when v is divided by 641?
11
Let q(j) = -2*j**2 + 1. Let i(z) = -4*z**2 - 11*z + 14. Let c(a) = i(a) - 5*q(a). Calculate the remainder when c(4) is divided by 21.
19
Suppose 4*j - 14 - 2 = 0. Suppose -29 = -k - j. Suppose -2*u + 136 = 2*t, 5*u + t - 34 = 330. Calculate the remainder when u is divided by k.
24
Let d(p) = 2*p - 41. Let l be d(23). Calculate the remainder when l*7/35*(60 + 1) is divided by 22.
17
Suppose 25*f + 6 = 28*f. Let g be ((-3)/f)/((-6)/12). Suppose -i - b = -1 - g, 3*i - 22 = -b. What is the remainder when 42 is divided by i?
6
Let l(h) = 8*h + 1. Let o(w) = -1. Let x(q) = l(q) - 2*o(q). What is the remainder when 80 is divided by x(1)?
3
Suppose 32*c = 36*c - 4*w - 2100, -2*c - 16*w = -978. Calculate the remainder when 1064 is divided by c.
22
What is the remainder when 123 is divided by 48*(-10 + 44/4)?
27
Suppose 3*r = -5*i + 615, -632*r = -630*r - 3*i - 372. Let g = 41 - 27. What is the remainder when r is divided by g?
13
Suppose -57*m = -55*m - 258. Calculate the remainder when m is divided by (33 - 1) + (-3 - -2)*-1.
30
Suppose 22*a = 12*a. Suppose -2*b = -397 - 93. What is the remainder when b is divided by ((-168)/(-4) - a) + -1?
40
Suppose -5*m + 2*a + a - 170 = 0, 3*m - a = -106. Let g = m - -40. What is the remainder when 13 is divided by g?
1
Let v = 1 + 220. Calculate the remainder when v is divided by 15.
11
Let p(s) be the third derivative of -s**6/60 + s**3/6 - s**2. Let z be p(-1). Suppose 0 = -i + z + 13. What is the remainder when 43 is divided by i?
11
Suppose -m + 27 = -11. Let c = -198 - -216. Suppose 5*y + 16 = 2*a, -y - c = -4*a + 14. What is the remainder when m is divided by a?
6
Let q = -21361 + 21398. What is the remainder when 2959 is divided by q?
36
Let t(w) = 1 - w + 37*w**2 - 3*w + 8*w + 8*w**2. Let k(g) = -44*g**2 - 3*g - 1. Let c(q) = -4*k(q) - 3*t(q). Calculate the remainder when 82 is divided by c(1).
40
Let g(z) = -z**3 - 5*z**2 - 7*z - 8. Let t = 69 + -73. Let q be g(t). What is the remainder when q - 444/4*-2 is divided by 